{"id":9675,"date":"2022-09-13T13:53:27","date_gmt":"2022-09-13T11:53:27","guid":{"rendered":"https:\/\/www.casaespiral.com\/?page_id=9675"},"modified":"2026-02-04T18:48:59","modified_gmt":"2026-02-04T17:48:59","slug":"ilustracion","status":"publish","type":"page","link":"https:\/\/www.casaespiral.com\/cn\/ilustracion\/","title":{"rendered":"Curs d\u2019Il\u00b7lustraci\u00f3 a Barcelona"},"content":{"rendered":"<p><span style=\"font-weight: 400;\">Il\u00b7lustraci\u00f3<\/span><\/p>\n<p><span style=\"font-weight: 400;\">Dilluns de 19:00 a 21:00<\/span><\/p>\n<p><span style=\"font-weight: 400;\">Aprenentatge de diverses t\u00e8cniques, humides i en sec.<\/span><\/p>\n<p><span style=\"font-weight: 400;\">Tinta, aquarel\u00b7la, guaix, acr\u00edlic, carbonet, pastel, llapis de colors, retallades\u2026<\/span><\/p>\n<p><span style=\"font-weight: 400;\">On desenvoluparem el nostre banc de textures, realitzarem obres pr\u00f2pies i investigaci\u00f3 a trav\u00e9s de refer\u00e8ncies, fins i tot c\u00f2pia d&#8217;all\u00f2 que ens interessi assolir.<\/span><\/p>\n<p><span style=\"font-weight: 400;\">Aplicarem all\u00f2 apr\u00e8s en cadascun dels nostres objectius, fins a familiaritzar-nos.<\/span><\/p>\n<p><span style=\"font-weight: 400;\">Professora: \u00c1ngeles De Blasi, estudiant a l&#8217;Escola Massana d&#8217;Art i Disseny.<\/span><\/p>\n<p><span style=\"font-weight: 400;\">Per a totes les edats.<\/span><\/p>\n<p>&nbsp;<\/p>\n<p><span style=\"font-weight: 400;\">La Casa de la Espiral<\/span><\/p>\n<p>&nbsp;<\/p>\n<p><a href=\"https:\/\/www.casaespiral.com\/wp-content\/uploads\/IMG_1898-min-scaled.jpg\"><img loading=\"lazy\" decoding=\"async\" class=\"size-medium wp-image-9740 aligncenter\" src=\"https:\/\/www.casaespiral.com\/wp-content\/uploads\/IMG_1898-min-212x300.jpg\" alt=\"Curs d\u2019Il\u00b7lustraci\u00f3 a Barcelona\" width=\"212\" height=\"300\" srcset=\"https:\/\/www.casaespiral.com\/wp-content\/uploads\/IMG_1898-min-212x300.jpg 212w, https:\/\/www.casaespiral.com\/wp-content\/uploads\/IMG_1898-min-566x800.jpg 566w, https:\/\/www.casaespiral.com\/wp-content\/uploads\/IMG_1898-min-768x1086.jpg 768w, https:\/\/www.casaespiral.com\/wp-content\/uploads\/IMG_1898-min-1086x1536.jpg 1086w, https:\/\/www.casaespiral.com\/wp-content\/uploads\/IMG_1898-min-1448x2048.jpg 1448w, https:\/\/www.casaespiral.com\/wp-content\/uploads\/IMG_1898-min-scaled.jpg 1810w\" sizes=\"auto, (max-width: 212px) 100vw, 212px\" \/><\/a><\/p>\n<p>&nbsp;<\/p>\n","protected":false},"excerpt":{"rendered":"<p>Il\u00b7lustraci\u00f3 Dilluns de 19:00 a 21:00 Aprenentatge de diverses t\u00e8cniques, humides i en sec. Tinta, aquarel\u00b7la, guaix, acr\u00edlic, carbonet, pastel, llapis de colors, retallades\u2026 On desenvoluparem el nostre banc de textures, realitzarem obres pr\u00f2pies i investigaci\u00f3 a trav\u00e9s de refer\u00e8ncies, &hellip; <a href=\"https:\/\/www.casaespiral.com\/cn\/ilustracion\/\">Continue reading <span class=\"meta-nav\">&rarr;<\/span><\/a><\/p>\n","protected":false},"author":1,"featured_media":0,"parent":0,"menu_order":0,"comment_status":"closed","ping_status":"closed","template":"","meta":{"footnotes":""},"class_list":["post-9675","page","type-page","status-publish","hentry"],"translation":{"provider":"WPGlobus","version":"3.0.2","language":"cn","enabled_languages":["es","en","cn"],"languages":{"es":{"title":true,"content":true,"excerpt":false},"en":{"title":true,"content":true,"excerpt":false},"cn":{"title":true,"content":true,"excerpt":false}}},"_links":{"self":[{"href":"https:\/\/www.casaespiral.com\/cn\/wp-json\/wp\/v2\/pages\/9675","targetHints":{"allow":["GET"]}}],"collection":[{"href":"https:\/\/www.casaespiral.com\/cn\/wp-json\/wp\/v2\/pages"}],"about":[{"href":"https:\/\/www.casaespiral.com\/cn\/wp-json\/wp\/v2\/types\/page"}],"author":[{"embeddable":true,"href":"https:\/\/www.casaespiral.com\/cn\/wp-json\/wp\/v2\/users\/1"}],"replies":[{"embeddable":true,"href":"https:\/\/www.casaespiral.com\/cn\/wp-json\/wp\/v2\/comments?post=9675"}],"version-history":[{"count":26,"href":"https:\/\/www.casaespiral.com\/cn\/wp-json\/wp\/v2\/pages\/9675\/revisions"}],"predecessor-version":[{"id":10288,"href":"https:\/\/www.casaespiral.com\/cn\/wp-json\/wp\/v2\/pages\/9675\/revisions\/10288"}],"wp:attachment":[{"href":"https:\/\/www.casaespiral.com\/cn\/wp-json\/wp\/v2\/media?parent=9675"}],"curies":[{"name":"wp","href":"https:\/\/api.w.org\/{rel}","templated":true}]}}

Curs d’Il·lustració a Barcelona

<p><span style="font-weight: 400;">Il·lustració</span></p>
<p><span style="font-weight: 400;">Dilluns de 19:00 a 21:00</span></p>
<p><span style="font-weight: 400;">Aprenentatge de diverses tècniques, humides i en sec.</span></p>
<p><span style="font-weight: 400;">Tinta, aquarel·la, guaix, acrílic, carbonet, pastel, llapis de colors, retallades…</span></p>
<p><span style="font-weight: 400;">On desenvoluparem el nostre banc de textures, realitzarem obres pròpies i investigació a través de referències, fins i tot còpia d&#8217;allò que ens interessi assolir.</span></p>
<p><span style="font-weight: 400;">Aplicarem allò après en cadascun dels nostres objectius, fins a familiaritzar-nos.</span></p>
<p><span style="font-weight: 400;">Professora: Ángeles De Blasi, estudiant a l&#8217;Escola Massana d&#8217;Art i Disseny.</span></p>
<p><span style="font-weight: 400;">Per a totes les edats.</span></p>
<p>&nbsp;</p>
<p><span style="font-weight: 400;">La Casa de la Espiral</span></p>
<p>&nbsp;</p>
<p><a href="https://www.casaespiral.com/wp-content/uploads/IMG_1898-min-scaled.jpg"><img loading="lazy" decoding="async" class="size-medium wp-image-9740 aligncenter" src="https://www.casaespiral.com/wp-content/uploads/IMG_1898-min-212x300.jpg" alt="Curs d’Il·lustració a Barcelona" width="212" height="300" srcset="https://www.casaespiral.com/wp-content/uploads/IMG_1898-min-212x300.jpg 212w, https://www.casaespiral.com/wp-content/uploads/IMG_1898-min-566x800.jpg 566w, https://www.casaespiral.com/wp-content/uploads/IMG_1898-min-768x1086.jpg 768w, https://www.casaespiral.com/wp-content/uploads/IMG_1898-min-1086x1536.jpg 1086w, https://www.casaespiral.com/wp-content/uploads/IMG_1898-min-1448x2048.jpg 1448w, https://www.casaespiral.com/wp-content/uploads/IMG_1898-min-scaled.jpg 1810w" sizes="auto, (max-width: 212px) 100vw, 212px" /></a></p>
<p>&nbsp;</p>

<p>Il·lustració Dilluns de 19:00 a 21:00 Aprenentatge de diverses tècniques, humides i en sec. Tinta, aquarel·la, guaix, acrílic, carbonet, pastel, llapis de colors, retallades… On desenvoluparem el nostre banc de textures, realitzarem obres pròpies i investigació a través de referències, &hellip; <a href="https://www.casaespiral.com/cn/ilustracion/">Continue reading <span class="meta-nav">&rarr;</span></a></p>
